{"id":1745,"date":"2017-06-27T11:31:59","date_gmt":"2017-06-27T14:31:59","guid":{"rendered":"http:\/\/mecpol.com.br\/?page_id=1745"},"modified":"2020-03-10T00:30:12","modified_gmt":"2020-03-10T03:30:12","slug":"servicos","status":"publish","type":"page","link":"https:\/\/mecpol.com.br\/index.php\/servicos\/","title":{"rendered":"Servi\u00e7os"},"content":{"rendered":"<h1><img decoding=\"async\" loading=\"lazy\" class=\"alignnone wp-image-2297 size-full\" src=\"http:\/\/mecpol.com.br\/wp-content\/uploads\/2019\/08\/2-1.jpg\" alt=\"\" width=\"1400\" height=\"346\" srcset=\"https:\/\/mecpol.com.br\/wp-content\/uploads\/2019\/08\/2-1.jpg 1400w, https:\/\/mecpol.com.br\/wp-content\/uploads\/2019\/08\/2-1-300x74.jpg 300w, https:\/\/mecpol.com.br\/wp-content\/uploads\/2019\/08\/2-1-768x190.jpg 768w, https:\/\/mecpol.com.br\/wp-content\/uploads\/2019\/08\/2-1-1024x253.jpg 1024w\" sizes=\"(max-width: 1400px) 100vw, 1400px\" \/><\/h1>\n<h1 style=\"text-align: center;\"><span style=\"color: #000080;\">SERVI\u00c7OS QUE OFERECEMOS&#8230;<\/span><\/h1>\n<h4>\u00a0<\/h4>\n<h4><img decoding=\"async\" loading=\"lazy\" class=\"wp-image-2308  alignleft\" src=\"http:\/\/mecpol.com.br\/wp-content\/uploads\/2019\/08\/12-1024x401.png\" alt=\"\" width=\"452\" height=\"177\" srcset=\"https:\/\/mecpol.com.br\/wp-content\/uploads\/2019\/08\/12-1024x401.png 1024w, https:\/\/mecpol.com.br\/wp-content\/uploads\/2019\/08\/12-300x117.png 300w, https:\/\/mecpol.com.br\/wp-content\/uploads\/2019\/08\/12-768x301.png 768w, https:\/\/mecpol.com.br\/wp-content\/uploads\/2019\/08\/12.png 1400w\" sizes=\"(max-width: 452px) 100vw, 452px\" \/><\/h4>\n<h4>\u00a0<\/h4>\n<h4 style=\"text-align: center;\">TROCA DE \u00d3LEO<\/h4>\n<h4 style=\"text-align: center;\">As trocas de \u00f3leo executadas regularmente garantem o que seu motor n\u00e3o esteja sendo for\u00e7ado a trabalhar horas com \u00f3leo sujo. Ligue para n\u00f3s hoje agende um hor\u00e1rio para a pr\u00f3xima troca de \u00f3leo.\u00a0<\/h4>\n<p>\u00a0<\/p>\n<h4><img decoding=\"async\" loading=\"lazy\" class=\"wp-image-2317 alignleft\" src=\"http:\/\/mecpol.com.br\/wp-content\/uploads\/2019\/08\/mm.png\" alt=\"\" width=\"256\" height=\"198\" srcset=\"https:\/\/mecpol.com.br\/wp-content\/uploads\/2019\/08\/mm.png 576w, https:\/\/mecpol.com.br\/wp-content\/uploads\/2019\/08\/mm-300x232.png 300w\" sizes=\"(max-width: 256px) 100vw, 256px\" \/><\/h4>\n<h4 style=\"text-align: center;\">REPARO DO MOTOR<\/h4>\n<h4>Podemos diagnosticar o problema rapidamente e reparar qualquer problema que possa estar causando o problema.\u00a0Nossos t\u00e9cnicos certificados s\u00e3o especialistas em identificar rapidamente o problema e executar os reparos necess\u00e1rios.<\/h4>\n<p>\u00a0<\/p>\n<p>\u00a0<\/p>\n<h4><img decoding=\"async\" loading=\"lazy\" class=\"wp-image-2326  alignleft\" src=\"http:\/\/mecpol.com.br\/wp-content\/uploads\/2019\/08\/car-parts-1.png\" alt=\"\" width=\"353\" height=\"247\" srcset=\"https:\/\/mecpol.com.br\/wp-content\/uploads\/2019\/08\/car-parts-1.png 1000w, https:\/\/mecpol.com.br\/wp-content\/uploads\/2019\/08\/car-parts-1-300x210.png 300w, https:\/\/mecpol.com.br\/wp-content\/uploads\/2019\/08\/car-parts-1-768x538.png 768w, https:\/\/mecpol.com.br\/wp-content\/uploads\/2019\/08\/car-parts-1-152x107.png 152w\" sizes=\"(max-width: 353px) 100vw, 353px\" \/><\/h4>\n<h4>\u00a0<\/h4>\n<h4 style=\"text-align: center;\">FREIOS<\/h4>\n<h4>Oferecemos servi\u00e7os e reparos de freios de alto n\u00edvel em todas as marcas e modelos de ve\u00edculos.\u00a0<\/h4>\n<p>\u00a0<\/p>\n<p>\u00a0<\/p>\n<p>\u00a0<\/p>\n<h4><img decoding=\"async\" loading=\"lazy\" class=\"wp-image-2339  alignleft\" src=\"http:\/\/mecpol.com.br\/wp-content\/uploads\/2019\/08\/pneu.png\" alt=\"\" width=\"257\" height=\"211\" srcset=\"https:\/\/mecpol.com.br\/wp-content\/uploads\/2019\/08\/pneu.png 364w, https:\/\/mecpol.com.br\/wp-content\/uploads\/2019\/08\/pneu-300x247.png 300w\" sizes=\"(max-width: 257px) 100vw, 257px\" \/><\/h4>\n<h4 style=\"text-align: center;\">PNEUS E RODAS<\/h4>\n<h4>Certificar-se de que o alinhamento das rodas est\u00e1 correto \u00e9 uma das coisas mais importantes que voc\u00ea pode fazer para cuidar adequadamente dos seus pneus.<\/h4>\n<p>\u00a0<\/p>\n<h4>\u00a0<\/h4>\n<p>\u00a0<\/p>\n<h4 style=\"text-align: center;\">\u00a0<img decoding=\"async\" loading=\"lazy\" class=\"wp-image-2460 alignleft\" src=\"http:\/\/mecpol.com.br\/wp-content\/uploads\/2020\/03\/Caixa-cambio.jpg\" alt=\"\" width=\"313\" height=\"196\" srcset=\"https:\/\/mecpol.com.br\/wp-content\/uploads\/2020\/03\/Caixa-cambio.jpg 639w, https:\/\/mecpol.com.br\/wp-content\/uploads\/2020\/03\/Caixa-cambio-300x188.jpg 300w, https:\/\/mecpol.com.br\/wp-content\/uploads\/2020\/03\/Caixa-cambio-401x250.jpg 401w\" sizes=\"(max-width: 313px) 100vw, 313px\" \/> CAIXA DE C\u00c2MBIO<\/h4>\n<h4><strong>Realizamos todo suporte em caixas de c\u00e2mbio e nossos servi\u00e7os tem garantia para sua seguran\u00e7a.<\/strong><\/h4>\n<p>\u00a0<\/p>\n<p>\u00a0<\/p>\n<p>\u00a0<\/p>\n<p>\u00a0<\/p>\n<h4><img decoding=\"async\" loading=\"lazy\" class=\"wp-image-2461 alignleft\" src=\"http:\/\/mecpol.com.br\/wp-content\/uploads\/2020\/03\/Embreagem.jpg\" alt=\"\" width=\"295\" height=\"295\" srcset=\"https:\/\/mecpol.com.br\/wp-content\/uploads\/2020\/03\/Embreagem.jpg 500w, https:\/\/mecpol.com.br\/wp-content\/uploads\/2020\/03\/Embreagem-150x150.jpg 150w, https:\/\/mecpol.com.br\/wp-content\/uploads\/2020\/03\/Embreagem-300x300.jpg 300w, https:\/\/mecpol.com.br\/wp-content\/uploads\/2020\/03\/Embreagem-75x75.jpg 75w\" sizes=\"(max-width: 295px) 100vw, 295px\" \/><\/h4>\n<h4>\u00a0<\/h4>\n<h4 style=\"text-align: center;\">EMBREAGEM<\/h4>\n<h4><strong>Trabalhamos com os melhores produtos relacionados a embreagem, voc\u00ea ter\u00e1 um equipe preparada para realizar o melhor servi\u00e7o.<\/strong><\/h4>\n<p>\u00a0<\/p>\n<p>\u00a0<\/p>\n<p>\u00a0<\/p>\n<p>\u00a0<\/p>\n<h4>\u00a0\u00a0\u00a0<img decoding=\"async\" loading=\"lazy\" class=\"wp-image-2465 alignleft\" src=\"http:\/\/mecpol.com.br\/wp-content\/uploads\/2020\/03\/revis\u00e3o3.png\" alt=\"\" width=\"351\" height=\"214\" srcset=\"https:\/\/mecpol.com.br\/wp-content\/uploads\/2020\/03\/revis\u00e3o3.png 545w, https:\/\/mecpol.com.br\/wp-content\/uploads\/2020\/03\/revis\u00e3o3-300x183.png 300w\" sizes=\"(max-width: 351px) 100vw, 351px\" \/><\/h4>\n<h4 style=\"text-align: center;\">REVIS\u00c3O PREVENTIVA<\/h4>\n<h4><strong>Tenha sempre seu carro em \u00f3timas condi\u00e7\u00f5es e com todos itens de seguran\u00e7a funcionando. Temos pessoal preparado para atende-lo.<\/strong><\/h4>\n<p>\u00a0<\/p>\n<p>\u00a0<\/p>\n<p>\u00a0<\/p>\n<h4><img decoding=\"async\" loading=\"lazy\" class=\"wp-image-2466 alignleft\" src=\"http:\/\/mecpol.com.br\/wp-content\/uploads\/2020\/03\/suspension.jpg\" alt=\"\" width=\"386\" height=\"254\" srcset=\"https:\/\/mecpol.com.br\/wp-content\/uploads\/2020\/03\/suspension.jpg 570w, https:\/\/mecpol.com.br\/wp-content\/uploads\/2020\/03\/suspension-300x197.jpg 300w\" sizes=\"(max-width: 386px) 100vw, 386px\" \/><\/h4>\n<h4 style=\"text-align: center;\">SUSPENS\u00c3O<\/h4>\n<h4><strong>Item important\u00edssimo que influencia na dire\u00e7\u00e3o, consumo, estabilidade entre outros. Temos as melhores op\u00e7\u00f5es para seu carro.\u00a0<\/strong><\/h4>\n<p>\u00a0<\/p>\n<p>\u00a0<\/p>\n<p>\u00a0<\/p>\n<p>\u00a0<\/p>\n<p>\u00a0<\/p>\n<p><img decoding=\"async\" loading=\"lazy\" class=\"wp-image-2467 alignleft\" src=\"http:\/\/mecpol.com.br\/wp-content\/uploads\/2020\/03\/AAAMM.jpg\" alt=\"\" width=\"307\" height=\"272\" srcset=\"https:\/\/mecpol.com.br\/wp-content\/uploads\/2020\/03\/AAAMM.jpg 350w, https:\/\/mecpol.com.br\/wp-content\/uploads\/2020\/03\/AAAMM-300x266.jpg 300w\" sizes=\"(max-width: 307px) 100vw, 307px\" \/><\/p>\n<p>\u00a0<\/p>\n<p>\u00a0<\/p>\n<h4 style=\"text-align: center;\"><strong>AMORTECEDOR<\/strong><\/h4>\n<h4><strong>Sinta conforto ao dirigir. Tenha sempre amortecedores em \u00f3timas condi\u00e7\u00f5es, de boa proced\u00eancia e qualidade<\/strong>.<\/h4>\n<p>\u00a0<\/p>\n<p>\u00a0<\/p>\n<p>\u00a0<\/p>\n<p>\u00a0<\/p>\n<p><img decoding=\"async\" loading=\"lazy\" class=\"wp-image-2468 alignleft\" src=\"http:\/\/mecpol.com.br\/wp-content\/uploads\/2020\/03\/INJE\u00c7\u00c3O-ELE.jpg\" alt=\"\" width=\"371\" height=\"211\" srcset=\"https:\/\/mecpol.com.br\/wp-content\/uploads\/2020\/03\/INJE\u00c7\u00c3O-ELE.jpg 512w, https:\/\/mecpol.com.br\/wp-content\/uploads\/2020\/03\/INJE\u00c7\u00c3O-ELE-300x171.jpg 300w\" sizes=\"(max-width: 371px) 100vw, 371px\" \/><\/p>\n<p>\u00a0<\/p>\n<h4 style=\"text-align: center;\"><strong>INJE\u00c7\u00c3O ELETR\u00d4NICA<\/strong><\/h4>\n<h4><strong>Temos profissionais qualificados e especializados em Inje\u00e7\u00e3o Eletr\u00f4nica. Venha e tenha a garantia do melhor servi\u00e7o.<\/strong><\/h4>\n<h4>\u00a0<\/h4>\n<h4>\u00a0<\/h4>\n<p>\u00a0<\/p>\n\n\n<p><\/p>\n\n\n\n<p><\/p>\n","protected":false},"excerpt":{"rendered":"<p>SERVI\u00c7OS QUE OFERECEMOS&#8230; \u00a0 \u00a0 TROCA DE \u00d3LEO As trocas de \u00f3leo executadas regularmente garantem o que seu motor n\u00e3o esteja sendo for\u00e7ado a trabalhar horas com \u00f3leo sujo. Ligue para n\u00f3s hoje agende um hor\u00e1rio para a pr\u00f3xima troca de \u00f3leo.\u00a0 \u00a0 REPARO DO MOTOR Podemos diagnosticar o problema rapidamente e reparar qualquer problema [&hellip;]<\/p>\n","protected":false},"author":1,"featured_media":0,"parent":0,"menu_order":0,"comment_status":"closed","ping_status":"closed","template":"","meta":[],"_links":{"self":[{"href":"https:\/\/mecpol.com.br\/index.php\/wp-json\/wp\/v2\/pages\/1745"}],"collection":[{"href":"https:\/\/mecpol.com.br\/index.php\/wp-json\/wp\/v2\/pages"}],"about":[{"href":"https:\/\/mecpol.com.br\/index.php\/wp-json\/wp\/v2\/types\/page"}],"author":[{"embeddable":true,"href":"https:\/\/mecpol.com.br\/index.php\/wp-json\/wp\/v2\/users\/1"}],"replies":[{"embeddable":true,"href":"https:\/\/mecpol.com.br\/index.php\/wp-json\/wp\/v2\/comments?post=1745"}],"version-history":[{"count":155,"href":"https:\/\/mecpol.com.br\/index.php\/wp-json\/wp\/v2\/pages\/1745\/revisions"}],"predecessor-version":[{"id":2488,"href":"https:\/\/mecpol.com.br\/index.php\/wp-json\/wp\/v2\/pages\/1745\/revisions\/2488"}],"wp:attachment":[{"href":"https:\/\/mecpol.com.br\/index.php\/wp-json\/wp\/v2\/media?parent=1745"}],"curies":[{"name":"wp","href":"https:\/\/api.w.org\/{rel}","templated":true}]}}